{"id":4748,"date":"2025-08-11T12:36:36","date_gmt":"2025-08-11T12:36:36","guid":{"rendered":"https:\/\/futerno.com\/?post_type=product&#038;p=4711"},"modified":"2026-04-14T12:58:42","modified_gmt":"2026-04-14T12:58:42","slug":"statuario-altissimo-3","status":"publish","type":"product","link":"https:\/\/futerno.com\/?product=statuario-altissimo-3&lang=et","title":{"rendered":"Laminam Statuario Altissimo Book Match"},"content":{"rendered":"<p data-start=\"289\" data-end=\"501\">Statuario Altissimo Bookmatched on Laminami I Naturali sarja keraamiline pind, mis on inspireeritud \u00fchest hinnalisemast Itaalia marmorist ning t\u00f5lgendatud kaasaegse tehnoloogia ja disaini kaudu.<\/p>\n<p data-start=\"503\" data-end=\"803\">S\u00e4rav valge taust ja silmapaistvad h\u00f5bedased sooned loovad tugeva ja samas elegantse visuaalse efekti. Bookmatch paigutus v\u00f5imaldab mitmel suureformaadilisel plaadil moodustada peegelpildis s\u00fcmmeetrilisi kompositsioone, mis toovad esile mustri s\u00fcgavuse ja annavad ruumile arhitektuurse terviklikkuse.<\/p>\n<p data-start=\"805\" data-end=\"985\">See pind sobib ideaalselt efektseteks seinakateteks, p\u00f5randateks, t\u00f6\u00f6tasapindadeks ning eritellimusel sisustuselementideks, kus on oluline visuaalne j\u00e4rjepidevus ja luksuslik ilme.<\/p>\n<p data-start=\"987\" data-end=\"1305\">Saadaval Natural, Polished ja Soft Touch viimistlustes, v\u00f5imaldab see erinevaid disainilahendusi. Natural viimistlus pakub naturaalse kiviefekti ning sobib nii sise kui ka v\u00e4litingimustesse, Polished lisab ruumile valgust ja s\u00fcgavust ning Soft Touch loob mati ja siidise tunnetusega pinna k\u00f5rgtasemel lahenduste jaoks.<\/p>\n<p data-start=\"1307\" data-end=\"1452\">Pind on vastupidav kriimustustele, plekkidele, l\u00f6\u00f6kidele ja temperatuurimuutustele, tagades pikaajalise kasutuse nii kodu kui ka \u00e4rikeskkondades.<\/p>\n<p data-start=\"1454\" data-end=\"1716\">Marmi Futerno pakub Statuario Altissimo Bookmatched Laminam pindu arhitektidele, disaineritele ja arendajatele Rootsis, Eestis ja Norras. Pakume ka eritellimusel valmistatud lahendusi, l\u00f5ikamist ning projektip\u00f5hiseid lahendusi vastavalt iga projekti vajadustele.<\/p>\n<p data-start=\"1718\" data-end=\"1763\" data-is-last-node=\"\" data-is-only-node=\"\">Saadaval erinevates m\u00f5\u00f5tudes, paksustes ja viimistlustes (soft touch, poleeritud, naturaalne).<br data-start=\"104\" data-end=\"107\" \/>1620 \u00d7 3240 mm t\u00e4ism\u00f5\u00f5dus plaat \u2013 Laminam 12+<br data-start=\"152\" data-end=\"155\" \/>1620 \u00d7 3240 mm t\u00e4ism\u00f5\u00f5dus plaat \u2013 Laminam 20+<\/p>\n","protected":false},"featured_media":5942,"template":"","product_category":[225],"product_color":[235,186],"product_type":[259],"product_brand":[153],"product_origin":[295],"class_list":["post-4748","product","type-product","status-publish","has-post-thumbnail","hentry","product_category-tehiskivi","product_color-valge","product_color-hall","product_type-keraamika","product_brand-laminam","product_origin-itaalia"],"acf":[],"lang":"et","translations":{"et":4748,"en":4711,"sv":5943},"pll_sync_post":[],"_links":{"self":[{"href":"https:\/\/futerno.com\/index.php?rest_route=\/wp\/v2\/product\/4748","targetHints":{"allow":["GET"]}}],"collection":[{"href":"https:\/\/futerno.com\/index.php?rest_route=\/wp\/v2\/product"}],"about":[{"href":"https:\/\/futerno.com\/index.php?rest_route=\/wp\/v2\/types\/product"}],"version-history":[{"count":3,"href":"https:\/\/futerno.com\/index.php?rest_route=\/wp\/v2\/product\/4748\/revisions"}],"predecessor-version":[{"id":6470,"href":"https:\/\/futerno.com\/index.php?rest_route=\/wp\/v2\/product\/4748\/revisions\/6470"}],"wp:featuredmedia":[{"embeddable":true,"href":"https:\/\/futerno.com\/index.php?rest_route=\/wp\/v2\/media\/5942"}],"wp:attachment":[{"href":"https:\/\/futerno.com\/index.php?rest_route=%2Fwp%2Fv2%2Fmedia&parent=4748"}],"wp:term":[{"taxonomy":"product_category","embeddable":true,"href":"https:\/\/futerno.com\/index.php?rest_route=%2Fwp%2Fv2%2Fproduct_category&post=4748"},{"taxonomy":"product_color","embeddable":true,"href":"https:\/\/futerno.com\/index.php?rest_route=%2Fwp%2Fv2%2Fproduct_color&post=4748"},{"taxonomy":"product_type","embeddable":true,"href":"https:\/\/futerno.com\/index.php?rest_route=%2Fwp%2Fv2%2Fproduct_type&post=4748"},{"taxonomy":"product_brand","embeddable":true,"href":"https:\/\/futerno.com\/index.php?rest_route=%2Fwp%2Fv2%2Fproduct_brand&post=4748"},{"taxonomy":"product_origin","embeddable":true,"href":"https:\/\/futerno.com\/index.php?rest_route=%2Fwp%2Fv2%2Fproduct_origin&post=4748"}],"curies":[{"name":"wp","href":"https:\/\/api.w.org\/{rel}","templated":true}]}}